{"id":1723,"date":"2023-09-08T19:10:08","date_gmt":"2023-09-08T17:10:08","guid":{"rendered":"https:\/\/autoecoledorian.fr\/?page_id=1723"},"modified":"2025-12-04T16:47:27","modified_gmt":"2025-12-04T15:47:27","slug":"lequipe-pedagogique","status":"publish","type":"page","link":"https:\/\/autoecoledorian.fr\/index.php\/lequipe-pedagogique\/","title":{"rendered":"L&rsquo;\u00e9quipe P\u00e9dagogique"},"content":{"rendered":"\n<figure class=\"wp-block-image size-large\"><img loading=\"lazy\" decoding=\"async\" width=\"1024\" height=\"412\" src=\"https:\/\/autoecoledorian.fr\/wp-content\/uploads\/2023\/09\/equipe-moto-1-1024x412.png\" alt=\"\" class=\"wp-image-1724\" srcset=\"https:\/\/autoecoledorian.fr\/wp-content\/uploads\/2023\/09\/equipe-moto-1-1024x412.png 1024w, https:\/\/autoecoledorian.fr\/wp-content\/uploads\/2023\/09\/equipe-moto-1-300x121.png 300w, https:\/\/autoecoledorian.fr\/wp-content\/uploads\/2023\/09\/equipe-moto-1-768x309.png 768w, https:\/\/autoecoledorian.fr\/wp-content\/uploads\/2023\/09\/equipe-moto-1-1536x618.png 1536w, https:\/\/autoecoledorian.fr\/wp-content\/uploads\/2023\/09\/equipe-moto-1-2048x824.png 2048w, https:\/\/autoecoledorian.fr\/wp-content\/uploads\/2023\/09\/equipe-moto-1-604x243.png 604w, https:\/\/autoecoledorian.fr\/wp-content\/uploads\/2023\/09\/equipe-moto-1-600x242.png 600w\" sizes=\"auto, (max-width: 1024px) 100vw, 1024px\" \/><\/figure>\n\n\n\n<hr class=\"wp-block-separator has-alpha-channel-opacity\"\/>\n\n\n\n<p><strong>Dorian<\/strong>, <em><strong>Directeur p\u00e9dagogique<\/strong><\/em>. Enseignant B, AAC, AM, A1, A2, A, B96, BE. R\u00e9f\u00e9rent Handicap<\/p>\n\n\n\n<p><strong>Caty<\/strong>, <strong><em>Coordinatrice d&rsquo;enseignant Auto et Moto<\/em><\/strong>, enseignante B, AAC, AM, A1, A2, A, B96, BE.<\/p>\n\n\n\n<p><strong>S\u00e9bastien<\/strong>, Enseignant B, AAC, AM, A1, A2, A.<\/p>\n\n\n\n<p><strong>Audrey<\/strong>, enseignante B, AAC, AM quadricycle.<\/p>\n\n\n\n<p><strong>Aur\u00e9lie,<\/strong> enseignante B, AAC, AM quadricycle.<\/p>\n\n\n\n<hr class=\"wp-block-separator has-alpha-channel-opacity\"\/>\n\n\n\n<p><strong>Ana\u00efs, Assistante administrative et commerciale vous accueille au bureau pour tout renseignements et inscription. <\/strong>R\u00e9f\u00e9rente Handicap<\/p>\n\n\n\n<hr class=\"wp-block-separator has-alpha-channel-opacity\"\/>\n\n\n\n<p class=\"has-text-align-center\">Notre \u00e9tablissement est votre partenaire de confiance pour toutes vos aspirations \u00e0 la mobilit\u00e9. Que vous soyez pr\u00eat(e) \u00e0 prendre le volant d&rsquo;une voiture ou \u00e0 chevaucher une moto, nous avons la formation qui vous correspond. <\/p>\n\n\n\n<p class=\"has-text-align-center\">Nos services comprennent les formations aux permis B, qu&rsquo;il s&rsquo;agisse de v\u00e9hicules \u00e0 bo\u00eete manuelle ou automatique, la conduite accompagn\u00e9e, B96\/BE Remorque, B78 (pour transformer une bo\u00eete automatique en bo\u00eete manuelle), et m\u00eame la formation pour le Permis AM (BSR) qui couvre scooters et voiturettes quadricycles. <\/p>\n\n\n\n<p class=\"has-text-align-center\">Pour les amateurs de deux-roues, nous proposons les permis moto : A2, A1, A, ainsi que la formation 125 cm\u00b3 ( 7 heures ) et la Passerelle A2 vers A. <\/p>\n\n\n\n<p class=\"has-text-align-center\">Chez l&rsquo;Auto-Moto-\u00e9cole Dorian, nous croyons que la s\u00e9curit\u00e9 routi\u00e8re et la confiance au volant ou au guidon sont des atouts essentiels pour une conduite responsable et sereine. Nous sommes l\u00e0 pour vous accompagner \u00e0 chaque \u00e9tape de votre parcours, et notre \u00e9quipe exp\u00e9riment\u00e9e est d\u00e9termin\u00e9e \u00e0 faire de vous un conducteur comp\u00e9tent. Explorez notre site pour en savoir plus sur nos offres et n&rsquo;h\u00e9sitez pas \u00e0 nous contacter pour toute question ou pour commencer votre aventure sur la route en toute s\u00e9curit\u00e9. <\/p>\n\n\n\n<p class=\"has-text-align-center\">Nous sommes impatients de vous accompagner dans votre voyage vers la libert\u00e9 de la route ! <\/p>\n\n\n\n<p class=\"has-text-align-center\">L&rsquo;\u00e9quipe de l&rsquo;Auto-Moto-\u00e9cole Dorian<\/p>\n","protected":false},"excerpt":{"rendered":"<p>Dorian, Directeur p\u00e9dagogique. Enseignant B, AAC, AM, A1, A2, A, B96, BE. R\u00e9f\u00e9rent Handicap Caty, Coordinatrice d&rsquo;enseignant Auto et Moto, enseignante B, AAC, AM, A1, A2, A, B96, BE. S\u00e9bastien, Enseignant B, AAC, AM, A1, A2, A. Audrey, enseignante B, AAC, AM quadricycle. Aur\u00e9lie, enseignante B, AAC, AM quadricycle. Ana\u00efs, Assistante administrative et commerciale vous accueille au bureau pour tout renseignements et inscription. R\u00e9f\u00e9rente Handicap Notre \u00e9tablissement est votre partenaire de confiance pour toutes vos aspirations \u00e0 la mobilit\u00e9. Que&#8230;<\/p>\n<p class=\"read-more\"><a class=\"btn btn-default\" href=\"https:\/\/autoecoledorian.fr\/index.php\/lequipe-pedagogique\/\">Lire la suite<span class=\"screen-reader-text\"> Lire la suite<\/span><\/a><\/p>\n","protected":false},"author":1,"featured_media":0,"parent":0,"menu_order":0,"comment_status":"closed","ping_status":"closed","template":"","meta":{"_acf_changed":false,"footnotes":""},"class_list":["post-1723","page","type-page","status-publish","hentry"],"acf":[],"jetpack_sharing_enabled":true,"_links":{"self":[{"href":"https:\/\/autoecoledorian.fr\/index.php\/wp-json\/wp\/v2\/pages\/1723","targetHints":{"allow":["GET"]}}],"collection":[{"href":"https:\/\/autoecoledorian.fr\/index.php\/wp-json\/wp\/v2\/pages"}],"about":[{"href":"https:\/\/autoecoledorian.fr\/index.php\/wp-json\/wp\/v2\/types\/page"}],"author":[{"embeddable":true,"href":"https:\/\/autoecoledorian.fr\/index.php\/wp-json\/wp\/v2\/users\/1"}],"replies":[{"embeddable":true,"href":"https:\/\/autoecoledorian.fr\/index.php\/wp-json\/wp\/v2\/comments?post=1723"}],"version-history":[{"count":10,"href":"https:\/\/autoecoledorian.fr\/index.php\/wp-json\/wp\/v2\/pages\/1723\/revisions"}],"predecessor-version":[{"id":2903,"href":"https:\/\/autoecoledorian.fr\/index.php\/wp-json\/wp\/v2\/pages\/1723\/revisions\/2903"}],"wp:attachment":[{"href":"https:\/\/autoecoledorian.fr\/index.php\/wp-json\/wp\/v2\/media?parent=1723"}],"curies":[{"name":"wp","href":"https:\/\/api.w.org\/{rel}","templated":true}]}}

L&rsquo;équipe Pédagogique

<figure class="wp-block-image size-large"><img loading="lazy" decoding="async" width="1024" height="412" src="https://autoecoledorian.fr/wp-content/uploads/2023/09/equipe-moto-1-1024x412.png" alt="" class="wp-image-1724" srcset="https://autoecoledorian.fr/wp-content/uploads/2023/09/equipe-moto-1-1024x412.png 1024w, https://autoecoledorian.fr/wp-content/uploads/2023/09/equipe-moto-1-300x121.png 300w, https://autoecoledorian.fr/wp-content/uploads/2023/09/equipe-moto-1-768x309.png 768w, https://autoecoledorian.fr/wp-content/uploads/2023/09/equipe-moto-1-1536x618.png 1536w, https://autoecoledorian.fr/wp-content/uploads/2023/09/equipe-moto-1-2048x824.png 2048w, https://autoecoledorian.fr/wp-content/uploads/2023/09/equipe-moto-1-604x243.png 604w, https://autoecoledorian.fr/wp-content/uploads/2023/09/equipe-moto-1-600x242.png 600w" sizes="auto, (max-width: 1024px) 100vw, 1024px" /></figure>



<hr class="wp-block-separator has-alpha-channel-opacity"/>



<p><strong>Dorian</strong>, <em><strong>Directeur pédagogique</strong></em>. Enseignant B, AAC, AM, A1, A2, A, B96, BE. Référent Handicap</p>



<p><strong>Caty</strong>, <strong><em>Coordinatrice d&rsquo;enseignant Auto et Moto</em></strong>, enseignante B, AAC, AM, A1, A2, A, B96, BE.</p>



<p><strong>Sébastien</strong>, Enseignant B, AAC, AM, A1, A2, A.</p>



<p><strong>Audrey</strong>, enseignante B, AAC, AM quadricycle.</p>



<p><strong>Aurélie,</strong> enseignante B, AAC, AM quadricycle.</p>



<hr class="wp-block-separator has-alpha-channel-opacity"/>



<p><strong>Anaïs, Assistante administrative et commerciale vous accueille au bureau pour tout renseignements et inscription. </strong>Référente Handicap</p>



<hr class="wp-block-separator has-alpha-channel-opacity"/>



<p class="has-text-align-center">Notre établissement est votre partenaire de confiance pour toutes vos aspirations à la mobilité. Que vous soyez prêt(e) à prendre le volant d&rsquo;une voiture ou à chevaucher une moto, nous avons la formation qui vous correspond. </p>



<p class="has-text-align-center">Nos services comprennent les formations aux permis B, qu&rsquo;il s&rsquo;agisse de véhicules à boîte manuelle ou automatique, la conduite accompagnée, B96/BE Remorque, B78 (pour transformer une boîte automatique en boîte manuelle), et même la formation pour le Permis AM (BSR) qui couvre scooters et voiturettes quadricycles. </p>



<p class="has-text-align-center">Pour les amateurs de deux-roues, nous proposons les permis moto : A2, A1, A, ainsi que la formation 125 cm³ ( 7 heures ) et la Passerelle A2 vers A. </p>



<p class="has-text-align-center">Chez l&rsquo;Auto-Moto-école Dorian, nous croyons que la sécurité routière et la confiance au volant ou au guidon sont des atouts essentiels pour une conduite responsable et sereine. Nous sommes là pour vous accompagner à chaque étape de votre parcours, et notre équipe expérimentée est déterminée à faire de vous un conducteur compétent. Explorez notre site pour en savoir plus sur nos offres et n&rsquo;hésitez pas à nous contacter pour toute question ou pour commencer votre aventure sur la route en toute sécurité. </p>



<p class="has-text-align-center">Nous sommes impatients de vous accompagner dans votre voyage vers la liberté de la route ! </p>



<p class="has-text-align-center">L&rsquo;équipe de l&rsquo;Auto-Moto-école Dorian</p>

<p>Dorian, Directeur pédagogique. Enseignant B, AAC, AM, A1, A2, A, B96, BE. Référent Handicap Caty, Coordinatrice d&rsquo;enseignant Auto et Moto, enseignante B, AAC, AM, A1, A2, A, B96, BE. Sébastien, Enseignant B, AAC, AM, A1, A2, A. Audrey, enseignante B, AAC, AM quadricycle. Aurélie, enseignante B, AAC, AM quadricycle. Anaïs, Assistante administrative et commerciale vous accueille au bureau pour tout renseignements et inscription. Référente Handicap Notre établissement est votre partenaire de confiance pour toutes vos aspirations à la mobilité. Que&#8230;</p>
<p class="read-more"><a class="btn btn-default" href="https://autoecoledorian.fr/index.php/lequipe-pedagogique/">Lire la suite<span class="screen-reader-text"> Lire la suite</span></a></p>
