{"id":1852,"date":"2023-11-18T11:43:51","date_gmt":"2023-11-18T10:43:51","guid":{"rendered":"https:\/\/autoecoledorian.fr\/?page_id=1852"},"modified":"2025-12-04T16:48:17","modified_gmt":"2025-12-04T15:48:17","slug":"les-horaires","status":"publish","type":"page","link":"https:\/\/autoecoledorian.fr\/index.php\/les-horaires\/","title":{"rendered":"Les horaires"},"content":{"rendered":"\n<p class=\"has-text-align-center\">Horaires d&rsquo;ouverture du Bureau et de la Salle de code.<\/p>\n\n\n<div class=\"wp-block-image\">\n<figure class=\"aligncenter size-large\"><img loading=\"lazy\" decoding=\"async\" width=\"724\" height=\"1024\" src=\"https:\/\/autoecoledorian.fr\/wp-content\/uploads\/2025\/09\/autoecoledorian.fr-21-x-29.7-cm-2-724x1024.png\" alt=\"\" class=\"wp-image-2841\" srcset=\"https:\/\/autoecoledorian.fr\/wp-content\/uploads\/2025\/09\/autoecoledorian.fr-21-x-29.7-cm-2-724x1024.png 724w, https:\/\/autoecoledorian.fr\/wp-content\/uploads\/2025\/09\/autoecoledorian.fr-21-x-29.7-cm-2-212x300.png 212w, https:\/\/autoecoledorian.fr\/wp-content\/uploads\/2025\/09\/autoecoledorian.fr-21-x-29.7-cm-2-768x1086.png 768w, https:\/\/autoecoledorian.fr\/wp-content\/uploads\/2025\/09\/autoecoledorian.fr-21-x-29.7-cm-2-1086x1536.png 1086w, https:\/\/autoecoledorian.fr\/wp-content\/uploads\/2025\/09\/autoecoledorian.fr-21-x-29.7-cm-2-191x270.png 191w, https:\/\/autoecoledorian.fr\/wp-content\/uploads\/2025\/09\/autoecoledorian.fr-21-x-29.7-cm-2.png 1414w\" sizes=\"auto, (max-width: 724px) 100vw, 724px\" \/><\/figure>\n<\/div>\n\n\n<p><strong>Horaires des le\u00e7ons de conduite<\/strong><\/p>\n\n\n\n<ul class=\"wp-block-list\">\n<li><strong>Lundi<\/strong> : 8h00 &#8211; 12h00<\/li>\n\n\n\n<li><strong>Mardi \u00e0 Vendredi<\/strong> : 8h00 &#8211; 19h00<\/li>\n\n\n\n<li><strong>Samedi<\/strong> : 8h00 &#8211; 14h00<\/li>\n<\/ul>\n\n\n\n<p><em>Les cr\u00e9neaux disponibles varient en fonction de nos disponibilit\u00e9s et des v\u00f4tres. N\u2019h\u00e9sitez pas \u00e0 nous contacter pour planifier vos le\u00e7ons !<\/em><\/p>\n","protected":false},"excerpt":{"rendered":"<p>Horaires d&rsquo;ouverture du Bureau et de la Salle de code. Horaires des le\u00e7ons de conduite Les cr\u00e9neaux disponibles varient en fonction de nos disponibilit\u00e9s et des v\u00f4tres. N\u2019h\u00e9sitez pas \u00e0 nous contacter pour planifier vos le\u00e7ons !<\/p>\n","protected":false},"author":1,"featured_media":0,"parent":0,"menu_order":0,"comment_status":"closed","ping_status":"closed","template":"","meta":{"_acf_changed":false,"footnotes":""},"class_list":["post-1852","page","type-page","status-publish","hentry"],"acf":[],"jetpack_sharing_enabled":true,"_links":{"self":[{"href":"https:\/\/autoecoledorian.fr\/index.php\/wp-json\/wp\/v2\/pages\/1852","targetHints":{"allow":["GET"]}}],"collection":[{"href":"https:\/\/autoecoledorian.fr\/index.php\/wp-json\/wp\/v2\/pages"}],"about":[{"href":"https:\/\/autoecoledorian.fr\/index.php\/wp-json\/wp\/v2\/types\/page"}],"author":[{"embeddable":true,"href":"https:\/\/autoecoledorian.fr\/index.php\/wp-json\/wp\/v2\/users\/1"}],"replies":[{"embeddable":true,"href":"https:\/\/autoecoledorian.fr\/index.php\/wp-json\/wp\/v2\/comments?post=1852"}],"version-history":[{"count":4,"href":"https:\/\/autoecoledorian.fr\/index.php\/wp-json\/wp\/v2\/pages\/1852\/revisions"}],"predecessor-version":[{"id":2843,"href":"https:\/\/autoecoledorian.fr\/index.php\/wp-json\/wp\/v2\/pages\/1852\/revisions\/2843"}],"wp:attachment":[{"href":"https:\/\/autoecoledorian.fr\/index.php\/wp-json\/wp\/v2\/media?parent=1852"}],"curies":[{"name":"wp","href":"https:\/\/api.w.org\/{rel}","templated":true}]}}

<p class="has-text-align-center">Horaires d&rsquo;ouverture du Bureau et de la Salle de code.</p>


<div class="wp-block-image">
<figure class="aligncenter size-large"><img loading="lazy" decoding="async" width="724" height="1024" src="https://autoecoledorian.fr/wp-content/uploads/2025/09/autoecoledorian.fr-21-x-29.7-cm-2-724x1024.png" alt="" class="wp-image-2841" srcset="https://autoecoledorian.fr/wp-content/uploads/2025/09/autoecoledorian.fr-21-x-29.7-cm-2-724x1024.png 724w, https://autoecoledorian.fr/wp-content/uploads/2025/09/autoecoledorian.fr-21-x-29.7-cm-2-212x300.png 212w, https://autoecoledorian.fr/wp-content/uploads/2025/09/autoecoledorian.fr-21-x-29.7-cm-2-768x1086.png 768w, https://autoecoledorian.fr/wp-content/uploads/2025/09/autoecoledorian.fr-21-x-29.7-cm-2-1086x1536.png 1086w, https://autoecoledorian.fr/wp-content/uploads/2025/09/autoecoledorian.fr-21-x-29.7-cm-2-191x270.png 191w, https://autoecoledorian.fr/wp-content/uploads/2025/09/autoecoledorian.fr-21-x-29.7-cm-2.png 1414w" sizes="auto, (max-width: 724px) 100vw, 724px" /></figure>
</div>


<p><strong>Horaires des leçons de conduite</strong></p>



<ul class="wp-block-list">
<li><strong>Lundi</strong> : 8h00 &#8211; 12h00</li>



<li><strong>Mardi à Vendredi</strong> : 8h00 &#8211; 19h00</li>



<li><strong>Samedi</strong> : 8h00 &#8211; 14h00</li>
</ul>



<p><em>Les créneaux disponibles varient en fonction de nos disponibilités et des vôtres. N’hésitez pas à nous contacter pour planifier vos leçons !</em></p>

<p>Horaires d&rsquo;ouverture du Bureau et de la Salle de code. Horaires des leçons de conduite Les créneaux disponibles varient en fonction de nos disponibilités et des vôtres. N’hésitez pas à nous contacter pour planifier vos leçons !</p>
