{"id":2117,"date":"2024-07-03T17:54:34","date_gmt":"2024-07-03T15:54:34","guid":{"rendered":"https:\/\/autoecoledorian.fr\/?page_id=2117"},"modified":"2024-07-13T17:18:44","modified_gmt":"2024-07-13T15:18:44","slug":"auto-ecole-handi-conduite","status":"publish","type":"page","link":"https:\/\/autoecoledorian.fr\/index.php\/auto-ecole-handi-conduite\/","title":{"rendered":"Auto-Ecole \u00ab\u00a0Handi-Conduite\u00a0\u00bb"},"content":{"rendered":"\n<p>Pour passer ou r\u00e9gulariser votre permis de conduire adapt\u00e9,&nbsp;des auto-\u00e9coles vous accompagnent partout en France. Ces auto-\u00e9coles ont d\u00e9cid\u00e9s de s\u2019engager dans une d\u00e9marche inclusive et d\u2019\u00e9quiper des v\u00e9hicules auto-\u00e9cole pour des personnes handicap\u00e9es.  <a href=\"https:\/\/www.sojadis.com\/la-societe\/reseau\/carte-nos-auto-ecoles-handiconduite\/\">Retrouvez ICI les auto-\u00e9coles adapt\u00e9es pr\u00e8s de chez vous.<\/a><\/p>\n\n\n\n<figure class=\"wp-block-image size-large\"><img loading=\"lazy\" decoding=\"async\" width=\"1024\" height=\"683\" src=\"https:\/\/autoecoledorian.fr\/wp-content\/uploads\/2024\/07\/cercle_accelerateur_volant_07-scaled-1-1024x683.webp\" alt=\"\" class=\"wp-image-2118\" srcset=\"https:\/\/autoecoledorian.fr\/wp-content\/uploads\/2024\/07\/cercle_accelerateur_volant_07-scaled-1-1024x683.webp 1024w, https:\/\/autoecoledorian.fr\/wp-content\/uploads\/2024\/07\/cercle_accelerateur_volant_07-scaled-1-300x200.webp 300w, https:\/\/autoecoledorian.fr\/wp-content\/uploads\/2024\/07\/cercle_accelerateur_volant_07-scaled-1-768x512.webp 768w, https:\/\/autoecoledorian.fr\/wp-content\/uploads\/2024\/07\/cercle_accelerateur_volant_07-scaled-1-1536x1024.webp 1536w, https:\/\/autoecoledorian.fr\/wp-content\/uploads\/2024\/07\/cercle_accelerateur_volant_07-scaled-1-2048x1365.webp 2048w, https:\/\/autoecoledorian.fr\/wp-content\/uploads\/2024\/07\/cercle_accelerateur_volant_07-scaled-1-405x270.webp 405w\" sizes=\"auto, (max-width: 1024px) 100vw, 1024px\" \/><\/figure>\n\n\n\n<p>Dorian et Ana\u00efs sont vos r\u00e9f\u00e9rents handicap. N&rsquo;h\u00e9sitez pas \u00e0 leur demander de l&rsquo;aide pour plus d&rsquo;informations et de pr\u00e9cisions. <\/p>\n","protected":false},"excerpt":{"rendered":"<p>Pour passer ou r\u00e9gulariser votre permis de conduire adapt\u00e9,&nbsp;des auto-\u00e9coles vous accompagnent partout en France. Ces auto-\u00e9coles ont d\u00e9cid\u00e9s de s\u2019engager dans une d\u00e9marche inclusive et d\u2019\u00e9quiper des v\u00e9hicules auto-\u00e9cole pour des personnes handicap\u00e9es. Retrouvez ICI les auto-\u00e9coles adapt\u00e9es pr\u00e8s de chez vous. Dorian et Ana\u00efs sont vos r\u00e9f\u00e9rents handicap. N&rsquo;h\u00e9sitez pas \u00e0 leur demander de l&rsquo;aide pour plus d&rsquo;informations et de pr\u00e9cisions.<\/p>\n","protected":false},"author":1,"featured_media":0,"parent":0,"menu_order":0,"comment_status":"closed","ping_status":"closed","template":"","meta":{"_acf_changed":false,"footnotes":""},"class_list":["post-2117","page","type-page","status-publish","hentry"],"acf":[],"jetpack_sharing_enabled":true,"_links":{"self":[{"href":"https:\/\/autoecoledorian.fr\/index.php\/wp-json\/wp\/v2\/pages\/2117","targetHints":{"allow":["GET"]}}],"collection":[{"href":"https:\/\/autoecoledorian.fr\/index.php\/wp-json\/wp\/v2\/pages"}],"about":[{"href":"https:\/\/autoecoledorian.fr\/index.php\/wp-json\/wp\/v2\/types\/page"}],"author":[{"embeddable":true,"href":"https:\/\/autoecoledorian.fr\/index.php\/wp-json\/wp\/v2\/users\/1"}],"replies":[{"embeddable":true,"href":"https:\/\/autoecoledorian.fr\/index.php\/wp-json\/wp\/v2\/comments?post=2117"}],"version-history":[{"count":2,"href":"https:\/\/autoecoledorian.fr\/index.php\/wp-json\/wp\/v2\/pages\/2117\/revisions"}],"predecessor-version":[{"id":2264,"href":"https:\/\/autoecoledorian.fr\/index.php\/wp-json\/wp\/v2\/pages\/2117\/revisions\/2264"}],"wp:attachment":[{"href":"https:\/\/autoecoledorian.fr\/index.php\/wp-json\/wp\/v2\/media?parent=2117"}],"curies":[{"name":"wp","href":"https:\/\/api.w.org\/{rel}","templated":true}]}}

<p>Pour passer ou régulariser votre permis de conduire adapté,&nbsp;des auto-écoles vous accompagnent partout en France. Ces auto-écoles ont décidés de s’engager dans une démarche inclusive et d’équiper des véhicules auto-école pour des personnes handicapées.  <a href="https://www.sojadis.com/la-societe/reseau/carte-nos-auto-ecoles-handiconduite/">Retrouvez ICI les auto-écoles adaptées près de chez vous.</a></p>



<figure class="wp-block-image size-large"><img loading="lazy" decoding="async" width="1024" height="683" src="https://autoecoledorian.fr/wp-content/uploads/2024/07/cercle_accelerateur_volant_07-scaled-1-1024x683.webp" alt="" class="wp-image-2118" srcset="https://autoecoledorian.fr/wp-content/uploads/2024/07/cercle_accelerateur_volant_07-scaled-1-1024x683.webp 1024w, https://autoecoledorian.fr/wp-content/uploads/2024/07/cercle_accelerateur_volant_07-scaled-1-300x200.webp 300w, https://autoecoledorian.fr/wp-content/uploads/2024/07/cercle_accelerateur_volant_07-scaled-1-768x512.webp 768w, https://autoecoledorian.fr/wp-content/uploads/2024/07/cercle_accelerateur_volant_07-scaled-1-1536x1024.webp 1536w, https://autoecoledorian.fr/wp-content/uploads/2024/07/cercle_accelerateur_volant_07-scaled-1-2048x1365.webp 2048w, https://autoecoledorian.fr/wp-content/uploads/2024/07/cercle_accelerateur_volant_07-scaled-1-405x270.webp 405w" sizes="auto, (max-width: 1024px) 100vw, 1024px" /></figure>



<p>Dorian et Anaïs sont vos référents handicap. N&rsquo;hésitez pas à leur demander de l&rsquo;aide pour plus d&rsquo;informations et de précisions. </p>

<p>Pour passer ou régulariser votre permis de conduire adapté,&nbsp;des auto-écoles vous accompagnent partout en France. Ces auto-écoles ont décidés de s’engager dans une démarche inclusive et d’équiper des véhicules auto-école pour des personnes handicapées. Retrouvez ICI les auto-écoles adaptées près de chez vous. Dorian et Anaïs sont vos référents handicap. N&rsquo;hésitez pas à leur demander de l&rsquo;aide pour plus d&rsquo;informations et de précisions.</p>
