{"id":439,"date":"2018-08-15T10:24:07","date_gmt":"2018-08-15T08:24:07","guid":{"rendered":"http:\/\/autoecoledorian.fr\/?page_id=439"},"modified":"2025-10-06T10:15:08","modified_gmt":"2025-10-06T08:15:08","slug":"passerelle-a2-vers-a","status":"publish","type":"page","link":"https:\/\/autoecoledorian.fr\/index.php\/passerelle-a2-vers-a\/","title":{"rendered":"Passerelle MOTO A2 vers A"},"content":{"rendered":"\n<div class=\"wp-block-buttons is-content-justification-center is-layout-flex wp-container-core-buttons-is-layout-16018d1d wp-block-buttons-is-layout-flex\">\n<div class=\"wp-block-button\"><a class=\"wp-block-button__link wp-element-button\" href=\"https:\/\/autoecoledorian.fr\/index.php\/calendrier-des-formations\/\" target=\"_blank\" rel=\"noreferrer noopener\">Calendrier des formations ICI<\/a><\/div>\n<\/div>\n\n\n<h2 style=\"text-align: center;\"><span style=\"color: #999999;\"><strong>Passerelle MOTO A2 vers A<\/strong><\/span><\/h2>\n<p><img loading=\"lazy\" decoding=\"async\" class=\"alignnone size-full wp-image-2848 aligncenter\" src=\"http:\/\/autoecoledorian.fr\/wp-content\/uploads\/2025\/10\/passerelle-a2.jpg\" alt=\"\" width=\"210\" height=\"538\" srcset=\"https:\/\/autoecoledorian.fr\/wp-content\/uploads\/2025\/10\/passerelle-a2.jpg 210w, https:\/\/autoecoledorian.fr\/wp-content\/uploads\/2025\/10\/passerelle-a2-117x300.jpg 117w, https:\/\/autoecoledorian.fr\/wp-content\/uploads\/2025\/10\/passerelle-a2-105x270.jpg 105w\" sizes=\"auto, (max-width: 210px) 100vw, 210px\" \/><\/p>\n<p><strong>A l&rsquo;Auto-Ecole Dorian, on prend la formation continue des motards au s\u00e9rieux<\/strong>.<\/p>\n<p>En accord avec le programme des 7 heures obligatoires, nous vous proposons :<\/p>\n<ul>\n<li style=\"text-align: justify;\"><strong>2h de th\u00e9orie en salle<\/strong>\u00a0 (partage d\u2019exp\u00e9riences, r\u00e9flexions sur les chiffres d\u2019accidentalit\u00e9, \u00e9tude d\u2019accidents, ph\u00e9nom\u00e8nes physiques li\u00e9e au freinage)<\/li>\n<li style=\"text-align: justify;\"><strong>2h de plateau<\/strong>\u00a0(de nouveaux exercices ont \u00e9t\u00e9 cr\u00e9\u00e9s sp\u00e9cialement pour cette formation, de mani\u00e8re \u00e0 vous perfectionner ).<\/li>\n<li style=\"text-align: justify;\"><strong>3h d\u2019audit de circulation<\/strong>\u00a0pour faire le point sur votre conduite (v\u00e9rifier votre prise d\u2019info, votre analyse pr\u00e9visionnelle et d\u00e9cisionnelle, votre d\u00e9tection des accidents typiques du motard.) La formation peut \u00eatre effectu\u00e9e\u00a0<strong>1 an et 9 mois apr\u00e8s l\u2019obtention de votre permis A2<\/strong>, votre moniteur t\u00e2chera de vous appeler pour fixer les dates.<\/li>\n<\/ul>\n<p>Vous venez d\u2019une autre auto-\u00e9cole, pas de probl\u00e8mes, nous serons ravis de vous accueillir.<\/p>\n<p>Plus d\u2019infos sur la passerelle ==&gt;\u00a0<a href=\"https:\/\/www.legifrance.gouv.fr\/eli\/arrete\/2012\/11\/8\/INTS1239008A\/jo\">https:\/\/www.legifrance.gouv.fr\/eli\/arrete\/2012\/11\/8\/INTS1239008A\/jo<\/a><\/p>\n<div style=\"width: 640px;\" class=\"wp-video\"><video class=\"wp-video-shortcode\" id=\"video-439-1\" width=\"640\" height=\"1138\" preload=\"metadata\" controls=\"controls\"><source type=\"video\/mp4\" src=\"http:\/\/autoecoledorian.fr\/wp-content\/uploads\/2023\/08\/Yamaha-MT-09-AED.mp4?_=1\" \/><a href=\"http:\/\/autoecoledorian.fr\/wp-content\/uploads\/2023\/08\/Yamaha-MT-09-AED.mp4\">http:\/\/autoecoledorian.fr\/wp-content\/uploads\/2023\/08\/Yamaha-MT-09-AED.mp4<\/a><\/video><\/div>\n<h2>Pi\u00e8ces \u00e0 fournir pour constituer le dossier :<\/h2>\n<ul>\n<li>Une photocopie recto\/verso de votre carte d\u2019identit\u00e9 sur un seul recto<\/li>\n<li>Une\u00a0 photocopie recto\/verso de votre permis actuel sur un seul recto<\/li>\n<li>Une photocopie de l\u2019ASSR 2<\/li>\n<li>Une photocopie de votre JAPD\/JDC<\/li>\n<li><a href=\"https:\/\/permisdeconduire.ants.gouv.fr\/Questions-frequentes\/Demande-en-ligne\/Ou-et-comment-se-procurer-une-photo-signature-numerique\">Photos d\u2019identit\u00e9 num\u00e9rique Ephoto<\/a><\/li>\n<li>Une photocopie du justificatif de domicile de \u2013 de 3 mois (facture EDF, SAUR, Internet, t\u00e9l\u00e9phone) \u00e0 votre nom<\/li>\n<\/ul>\n<h2 style=\"text-align: center;\"><a href=\"http:\/\/autoecoledorian.fr\/index.php\/piste-moto\/\">\u00ab\u00a0PISTE MOTO ICI\u00a0\u00bb<\/a><\/h2>\n<h2>Equipements obligatoires :<\/h2>\n<ul>\n<li>Casque homologu\u00e9 avec les 4 dispositifs r\u00e9tro-r\u00e9fl\u00e9chissants.<\/li>\n<li>Gants homologu\u00e9s CE\/EPI<\/li>\n<li>Blouson de moto<\/li>\n<li>Chaussures de moto<\/li>\n<\/ul>\n<p><img loading=\"lazy\" decoding=\"async\" class=\"aligncenter size-full wp-image-573\" src=\"http:\/\/autoecoledorian.fr\/wp-content\/uploads\/2018\/08\/Screenshot_2018-08-16-P3DP00-A2A_NOTICE_A2-vers-A-pdf.png\" alt=\"\" width=\"922\" height=\"653\" srcset=\"https:\/\/autoecoledorian.fr\/wp-content\/uploads\/2018\/08\/Screenshot_2018-08-16-P3DP00-A2A_NOTICE_A2-vers-A-pdf.png 922w, https:\/\/autoecoledorian.fr\/wp-content\/uploads\/2018\/08\/Screenshot_2018-08-16-P3DP00-A2A_NOTICE_A2-vers-A-pdf-600x425.png 600w, https:\/\/autoecoledorian.fr\/wp-content\/uploads\/2018\/08\/Screenshot_2018-08-16-P3DP00-A2A_NOTICE_A2-vers-A-pdf-300x212.png 300w, https:\/\/autoecoledorian.fr\/wp-content\/uploads\/2018\/08\/Screenshot_2018-08-16-P3DP00-A2A_NOTICE_A2-vers-A-pdf-768x544.png 768w, https:\/\/autoecoledorian.fr\/wp-content\/uploads\/2018\/08\/Screenshot_2018-08-16-P3DP00-A2A_NOTICE_A2-vers-A-pdf-381x270.png 381w\" sizes=\"auto, (max-width: 922px) 100vw, 922px\" \/><\/p>\n<p>Exercice lors de la passerelle A2 vers A<\/p>\n<div style=\"width: 640px;\" class=\"wp-video\"><video class=\"wp-video-shortcode\" id=\"video-439-2\" width=\"640\" height=\"360\" preload=\"metadata\" controls=\"controls\"><source type=\"video\/mp4\" src=\"http:\/\/autoecoledorian.fr\/wp-content\/uploads\/2019\/03\/video-1550848021.mp4?_=2\" \/><a href=\"http:\/\/autoecoledorian.fr\/wp-content\/uploads\/2019\/03\/video-1550848021.mp4\">http:\/\/autoecoledorian.fr\/wp-content\/uploads\/2019\/03\/video-1550848021.mp4<\/a><\/video><\/div>\n<p><img loading=\"lazy\" decoding=\"async\" class=\"aligncenter size-large wp-image-377\" src=\"http:\/\/autoecoledorian.fr\/wp-content\/uploads\/2018\/08\/moto2-1024x576.jpg\" alt=\"\" width=\"800\" height=\"450\" srcset=\"https:\/\/autoecoledorian.fr\/wp-content\/uploads\/2018\/08\/moto2-1024x576.jpg 1024w, https:\/\/autoecoledorian.fr\/wp-content\/uploads\/2018\/08\/moto2-600x338.jpg 600w, https:\/\/autoecoledorian.fr\/wp-content\/uploads\/2018\/08\/moto2-300x169.jpg 300w, https:\/\/autoecoledorian.fr\/wp-content\/uploads\/2018\/08\/moto2-768x432.jpg 768w, https:\/\/autoecoledorian.fr\/wp-content\/uploads\/2018\/08\/moto2.jpg 1920w\" sizes=\"auto, (max-width: 800px) 100vw, 800px\" \/><\/p>\n<p><img loading=\"lazy\" decoding=\"async\" class=\"aligncenter size-large wp-image-375\" src=\"http:\/\/autoecoledorian.fr\/wp-content\/uploads\/2018\/08\/moto-3-572x1024.jpg\" alt=\"\" width=\"572\" height=\"1024\" srcset=\"https:\/\/autoecoledorian.fr\/wp-content\/uploads\/2018\/08\/moto-3-572x1024.jpg 572w, https:\/\/autoecoledorian.fr\/wp-content\/uploads\/2018\/08\/moto-3-600x1075.jpg 600w, https:\/\/autoecoledorian.fr\/wp-content\/uploads\/2018\/08\/moto-3-168x300.jpg 168w, https:\/\/autoecoledorian.fr\/wp-content\/uploads\/2018\/08\/moto-3-768x1376.jpg 768w, https:\/\/autoecoledorian.fr\/wp-content\/uploads\/2018\/08\/moto-3.jpg 1072w\" sizes=\"auto, (max-width: 572px) 100vw, 572px\" \/><\/p>\n\n\n<div data-wp-interactive=\"core\/file\" class=\"wp-block-file\"><object data-wp-bind--hidden=\"!state.hasPdfPreview\" hidden class=\"wp-block-file__embed\" data=\"https:\/\/autoecoledorian.fr\/wp-content\/uploads\/2024\/07\/PROGRAMME-A2-vers-A.pdf\" type=\"application\/pdf\" style=\"width:100%;height:600px\" aria-label=\"Contenu embarqu\u00e9 PROGRAMME-A2-vers-A.\"><\/object><a id=\"wp-block-file--media-eaef4ecb-3338-4442-aa3f-fc1bc204c786\" href=\"https:\/\/autoecoledorian.fr\/wp-content\/uploads\/2024\/07\/PROGRAMME-A2-vers-A.pdf\">PROGRAMME-A2-vers-A<\/a><a href=\"https:\/\/autoecoledorian.fr\/wp-content\/uploads\/2024\/07\/PROGRAMME-A2-vers-A.pdf\" class=\"wp-block-file__button wp-element-button\" download aria-describedby=\"wp-block-file--media-eaef4ecb-3338-4442-aa3f-fc1bc204c786\">T\u00e9l\u00e9charger<\/a><\/div>\n","protected":false},"excerpt":{"rendered":"<p>Passerelle MOTO A2 vers A A l&rsquo;Auto-Ecole Dorian, on prend la formation continue des motards au s\u00e9rieux. En accord avec le programme des 7 heures obligatoires, nous vous proposons : 2h de th\u00e9orie en salle\u00a0 (partage d\u2019exp\u00e9riences, r\u00e9flexions sur les chiffres d\u2019accidentalit\u00e9, \u00e9tude d\u2019accidents, ph\u00e9nom\u00e8nes physiques li\u00e9e au freinage) 2h de plateau\u00a0(de nouveaux exercices ont \u00e9t\u00e9 cr\u00e9\u00e9s sp\u00e9cialement pour cette formation, de mani\u00e8re \u00e0 vous perfectionner ). 3h d\u2019audit de circulation\u00a0pour faire le point sur votre conduite (v\u00e9rifier votre prise&#8230;<\/p>\n<p class=\"read-more\"><a class=\"btn btn-default\" href=\"https:\/\/autoecoledorian.fr\/index.php\/passerelle-a2-vers-a\/\">Lire la suite<span class=\"screen-reader-text\"> Lire la suite<\/span><\/a><\/p>\n","protected":false},"author":1,"featured_media":0,"parent":0,"menu_order":0,"comment_status":"closed","ping_status":"closed","template":"","meta":{"_acf_changed":false,"footnotes":""},"class_list":["post-439","page","type-page","status-publish","hentry"],"acf":[],"jetpack_sharing_enabled":true,"_links":{"self":[{"href":"https:\/\/autoecoledorian.fr\/index.php\/wp-json\/wp\/v2\/pages\/439","targetHints":{"allow":["GET"]}}],"collection":[{"href":"https:\/\/autoecoledorian.fr\/index.php\/wp-json\/wp\/v2\/pages"}],"about":[{"href":"https:\/\/autoecoledorian.fr\/index.php\/wp-json\/wp\/v2\/types\/page"}],"author":[{"embeddable":true,"href":"https:\/\/autoecoledorian.fr\/index.php\/wp-json\/wp\/v2\/users\/1"}],"replies":[{"embeddable":true,"href":"https:\/\/autoecoledorian.fr\/index.php\/wp-json\/wp\/v2\/comments?post=439"}],"version-history":[{"count":19,"href":"https:\/\/autoecoledorian.fr\/index.php\/wp-json\/wp\/v2\/pages\/439\/revisions"}],"predecessor-version":[{"id":2850,"href":"https:\/\/autoecoledorian.fr\/index.php\/wp-json\/wp\/v2\/pages\/439\/revisions\/2850"}],"wp:attachment":[{"href":"https:\/\/autoecoledorian.fr\/index.php\/wp-json\/wp\/v2\/media?parent=439"}],"curies":[{"name":"wp","href":"https:\/\/api.w.org\/{rel}","templated":true}]}}

<div class="wp-block-buttons is-content-justification-center is-layout-flex wp-container-core-buttons-is-layout-16018d1d wp-block-buttons-is-layout-flex">
<div class="wp-block-button"><a class="wp-block-button__link wp-element-button" href="https://autoecoledorian.fr/index.php/calendrier-des-formations/" target="_blank" rel="noreferrer noopener">Calendrier des formations ICI</a></div>
</div>


<h2 style="text-align: center;"><span style="color: #999999;"><strong>Passerelle MOTO A2 vers A</strong></span></h2>
<p><img loading="lazy" decoding="async" class="alignnone size-full wp-image-2848 aligncenter" src="http://autoecoledorian.fr/wp-content/uploads/2025/10/passerelle-a2.jpg" alt="" width="210" height="538" srcset="https://autoecoledorian.fr/wp-content/uploads/2025/10/passerelle-a2.jpg 210w, https://autoecoledorian.fr/wp-content/uploads/2025/10/passerelle-a2-117x300.jpg 117w, https://autoecoledorian.fr/wp-content/uploads/2025/10/passerelle-a2-105x270.jpg 105w" sizes="auto, (max-width: 210px) 100vw, 210px" /></p>
<p><strong>A l&rsquo;Auto-Ecole Dorian, on prend la formation continue des motards au sérieux</strong>.</p>
<p>En accord avec le programme des 7 heures obligatoires, nous vous proposons :</p>
<ul>
<li style="text-align: justify;"><strong>2h de théorie en salle</strong>  (partage d’expériences, réflexions sur les chiffres d’accidentalité, étude d’accidents, phénomènes physiques liée au freinage)</li>
<li style="text-align: justify;"><strong>2h de plateau</strong> (de nouveaux exercices ont été créés spécialement pour cette formation, de manière à vous perfectionner ).</li>
<li style="text-align: justify;"><strong>3h d’audit de circulation</strong> pour faire le point sur votre conduite (vérifier votre prise d’info, votre analyse prévisionnelle et décisionnelle, votre détection des accidents typiques du motard.) La formation peut être effectuée <strong>1 an et 9 mois après l’obtention de votre permis A2</strong>, votre moniteur tâchera de vous appeler pour fixer les dates.</li>
</ul>
<p>Vous venez d’une autre auto-école, pas de problèmes, nous serons ravis de vous accueillir.</p>
<p>Plus d’infos sur la passerelle ==&gt; <a href="https://www.legifrance.gouv.fr/eli/arrete/2012/11/8/INTS1239008A/jo">https://www.legifrance.gouv.fr/eli/arrete/2012/11/8/INTS1239008A/jo</a></p>
<div style="width: 640px;" class="wp-video"><video class="wp-video-shortcode" id="video-439-1" width="640" height="1138" preload="metadata" controls="controls"><source type="video/mp4" src="http://autoecoledorian.fr/wp-content/uploads/2023/08/Yamaha-MT-09-AED.mp4?_=1" /><a href="http://autoecoledorian.fr/wp-content/uploads/2023/08/Yamaha-MT-09-AED.mp4">http://autoecoledorian.fr/wp-content/uploads/2023/08/Yamaha-MT-09-AED.mp4</a></video></div>
<h2>Pièces à fournir pour constituer le dossier :</h2>
<ul>
<li>Une photocopie recto/verso de votre carte d’identité sur un seul recto</li>
<li>Une  photocopie recto/verso de votre permis actuel sur un seul recto</li>
<li>Une photocopie de l’ASSR 2</li>
<li>Une photocopie de votre JAPD/JDC</li>
<li><a href="https://permisdeconduire.ants.gouv.fr/Questions-frequentes/Demande-en-ligne/Ou-et-comment-se-procurer-une-photo-signature-numerique">Photos d’identité numérique Ephoto</a></li>
<li>Une photocopie du justificatif de domicile de – de 3 mois (facture EDF, SAUR, Internet, téléphone) à votre nom</li>
</ul>
<h2 style="text-align: center;"><a href="http://autoecoledorian.fr/index.php/piste-moto/">« PISTE MOTO ICI »</a></h2>
<h2>Equipements obligatoires :</h2>
<ul>
<li>Casque homologué avec les 4 dispositifs rétro-réfléchissants.</li>
<li>Gants homologués CE/EPI</li>
<li>Blouson de moto</li>
<li>Chaussures de moto</li>
</ul>
<p><img loading="lazy" decoding="async" class="aligncenter size-full wp-image-573" src="http://autoecoledorian.fr/wp-content/uploads/2018/08/Screenshot_2018-08-16-P3DP00-A2A_NOTICE_A2-vers-A-pdf.png" alt="" width="922" height="653" srcset="https://autoecoledorian.fr/wp-content/uploads/2018/08/Screenshot_2018-08-16-P3DP00-A2A_NOTICE_A2-vers-A-pdf.png 922w, https://autoecoledorian.fr/wp-content/uploads/2018/08/Screenshot_2018-08-16-P3DP00-A2A_NOTICE_A2-vers-A-pdf-600x425.png 600w, https://autoecoledorian.fr/wp-content/uploads/2018/08/Screenshot_2018-08-16-P3DP00-A2A_NOTICE_A2-vers-A-pdf-300x212.png 300w, https://autoecoledorian.fr/wp-content/uploads/2018/08/Screenshot_2018-08-16-P3DP00-A2A_NOTICE_A2-vers-A-pdf-768x544.png 768w, https://autoecoledorian.fr/wp-content/uploads/2018/08/Screenshot_2018-08-16-P3DP00-A2A_NOTICE_A2-vers-A-pdf-381x270.png 381w" sizes="auto, (max-width: 922px) 100vw, 922px" /></p>
<p>Exercice lors de la passerelle A2 vers A</p>
<div style="width: 640px;" class="wp-video"><video class="wp-video-shortcode" id="video-439-2" width="640" height="360" preload="metadata" controls="controls"><source type="video/mp4" src="http://autoecoledorian.fr/wp-content/uploads/2019/03/video-1550848021.mp4?_=2" /><a href="http://autoecoledorian.fr/wp-content/uploads/2019/03/video-1550848021.mp4">http://autoecoledorian.fr/wp-content/uploads/2019/03/video-1550848021.mp4</a></video></div>
<p><img loading="lazy" decoding="async" class="aligncenter size-large wp-image-377" src="http://autoecoledorian.fr/wp-content/uploads/2018/08/moto2-1024x576.jpg" alt="" width="800" height="450" srcset="https://autoecoledorian.fr/wp-content/uploads/2018/08/moto2-1024x576.jpg 1024w, https://autoecoledorian.fr/wp-content/uploads/2018/08/moto2-600x338.jpg 600w, https://autoecoledorian.fr/wp-content/uploads/2018/08/moto2-300x169.jpg 300w, https://autoecoledorian.fr/wp-content/uploads/2018/08/moto2-768x432.jpg 768w, https://autoecoledorian.fr/wp-content/uploads/2018/08/moto2.jpg 1920w" sizes="auto, (max-width: 800px) 100vw, 800px" /></p>
<p><img loading="lazy" decoding="async" class="aligncenter size-large wp-image-375" src="http://autoecoledorian.fr/wp-content/uploads/2018/08/moto-3-572x1024.jpg" alt="" width="572" height="1024" srcset="https://autoecoledorian.fr/wp-content/uploads/2018/08/moto-3-572x1024.jpg 572w, https://autoecoledorian.fr/wp-content/uploads/2018/08/moto-3-600x1075.jpg 600w, https://autoecoledorian.fr/wp-content/uploads/2018/08/moto-3-168x300.jpg 168w, https://autoecoledorian.fr/wp-content/uploads/2018/08/moto-3-768x1376.jpg 768w, https://autoecoledorian.fr/wp-content/uploads/2018/08/moto-3.jpg 1072w" sizes="auto, (max-width: 572px) 100vw, 572px" /></p>


<div data-wp-interactive="core/file" class="wp-block-file"><object data-wp-bind--hidden="!state.hasPdfPreview" hidden class="wp-block-file__embed" data="https://autoecoledorian.fr/wp-content/uploads/2024/07/PROGRAMME-A2-vers-A.pdf" type="application/pdf" style="width:100%;height:600px" aria-label="Contenu embarqué PROGRAMME-A2-vers-A."></object><a id="wp-block-file--media-eaef4ecb-3338-4442-aa3f-fc1bc204c786" href="https://autoecoledorian.fr/wp-content/uploads/2024/07/PROGRAMME-A2-vers-A.pdf">PROGRAMME-A2-vers-A</a><a href="https://autoecoledorian.fr/wp-content/uploads/2024/07/PROGRAMME-A2-vers-A.pdf" class="wp-block-file__button wp-element-button" download aria-describedby="wp-block-file--media-eaef4ecb-3338-4442-aa3f-fc1bc204c786">Télécharger</a></div>

<p>Passerelle MOTO A2 vers A A l&rsquo;Auto-Ecole Dorian, on prend la formation continue des motards au sérieux. En accord avec le programme des 7 heures obligatoires, nous vous proposons : 2h de théorie en salle  (partage d’expériences, réflexions sur les chiffres d’accidentalité, étude d’accidents, phénomènes physiques liée au freinage) 2h de plateau (de nouveaux exercices ont été créés spécialement pour cette formation, de manière à vous perfectionner ). 3h d’audit de circulation pour faire le point sur votre conduite (vérifier votre prise&#8230;</p>
<p class="read-more"><a class="btn btn-default" href="https://autoecoledorian.fr/index.php/passerelle-a2-vers-a/">Lire la suite<span class="screen-reader-text"> Lire la suite</span></a></p>
