{"id":592,"date":"2018-08-16T18:16:49","date_gmt":"2018-08-16T16:16:49","guid":{"rendered":"http:\/\/autoecoledorian.fr\/?page_id=592"},"modified":"2026-01-21T13:00:38","modified_gmt":"2026-01-21T12:00:38","slug":"code-par-internet","status":"publish","type":"page","link":"https:\/\/autoecoledorian.fr\/index.php\/code-par-internet\/","title":{"rendered":"Code par Internet"},"content":{"rendered":"<p><img loading=\"lazy\" decoding=\"async\" class=\"size-full wp-image-1356 aligncenter\" src=\"http:\/\/autoecoledorian.fr\/wp-content\/uploads\/2023\/01\/ICICODE_LOGO.png\" alt=\"\" width=\"561\" height=\"129\" srcset=\"https:\/\/autoecoledorian.fr\/wp-content\/uploads\/2023\/01\/ICICODE_LOGO.png 561w, https:\/\/autoecoledorian.fr\/wp-content\/uploads\/2023\/01\/ICICODE_LOGO-300x69.png 300w\" sizes=\"auto, (max-width: 561px) 100vw, 561px\" \/><\/p>\n<p>Pour <strong>compl\u00e9ter vos s\u00e9ances d\u2019entrainement de code en salle<\/strong>, \u00e0 l\u2019auto-\u00e9cole, vous pouvez <strong>vous entra\u00eener chez vous<\/strong>, avec le code par internet.<\/p>\n<p style=\"text-align: justify;\">Si vous poss\u00e9dez d\u00e9j\u00e0 votre identifiant et votre mot de passe, rendez-vous sur <a href=\"https:\/\/www.icicode.fr\/vues\/acces_eleve\/login.php\">ICIcode<\/a>.<\/p>\n<p style=\"text-align: justify;\">Lors de votre inscription \u00e0 l\u2019auto-\u00e9cole, nous vous fournissons les acc\u00e8s au module en ligne qui vous permet de vous exercer. Vous pouvez faire autant de s\u00e9ances que vous le souhaitez durant la p\u00e9riode d&rsquo;activation afin d\u2019atteindre le meilleur niveau possible.<\/p>\n<p style=\"text-align: justify;\">Votre <strong>moniteur\/monitrice<\/strong>\u00a0a <strong>acc\u00e8s \u00e0 vos r\u00e9sultats<\/strong> : cela\u00a0lui permet d\u2019\u00e9valuer au mieux votre progression. Ensuite, selon votre niveau, il\/elle vous recommandera de vous pr\u00e9senter \u00e0 l\u2019examen du code.<\/p>\n<p>Pour vous entra\u00eener au <a href=\"http:\/\/autoecoledorian.fr\/index.php\/code-en-salle\/\">code en salle, consultez les horaires<\/a>.<\/p>\n<h3><em><strong>Avec ICIcode vous pouvez r\u00e9viser le code de la route \u00e0 la maison ! N&rsquo;h\u00e9sitez pas \u00e0 nous en faire la demande par mail : autoecoledorian@gmail.com\u00a0<\/strong><\/em> &#8211;\u00a0<strong> 2 Mois = 20\u20ac \/ 4 Mois = 30\u20ac.<\/strong><\/h3>\n<div id=\"iciOffice_badge\"><script>while(document.querySelectorAll(\"[data-iciOffice_name='iciOffice_Adds']\").length!=0){document.querySelectorAll(\"[data-iciOffice_name='iciOffice_Adds']\")[0].remove();};var iciOffice_script=document.createElement(\"script\");iciOffice_script.src=\"https:\/\/www.icioffice.fr\/vues\/acces_eleve\/js\/badge.js\";iciOffice_script.onload=iciOffice_scritpReady;iciOffice_script.dataset.iciOffice_name=\"iciOffice_Adds\";document.head.appendChild(iciOffice_script);function iciOffice_scritpReady(){iciOffice_init()};<\/script><\/div>\n","protected":false},"excerpt":{"rendered":"<p>Pour compl\u00e9ter vos s\u00e9ances d\u2019entrainement de code en salle, \u00e0 l\u2019auto-\u00e9cole, vous pouvez vous entra\u00eener chez vous, avec le code par internet. Si vous poss\u00e9dez d\u00e9j\u00e0 votre identifiant et votre mot de passe, rendez-vous sur ICIcode. Lors de votre inscription \u00e0 l\u2019auto-\u00e9cole, nous vous fournissons les acc\u00e8s au module en ligne qui vous permet de vous exercer. Vous pouvez faire autant de s\u00e9ances que vous le souhaitez durant la p\u00e9riode d&rsquo;activation afin d\u2019atteindre le meilleur niveau possible. Votre moniteur\/monitrice\u00a0a acc\u00e8s&#8230;<\/p>\n<p class=\"read-more\"><a class=\"btn btn-default\" href=\"https:\/\/autoecoledorian.fr\/index.php\/code-par-internet\/\">Lire la suite<span class=\"screen-reader-text\"> Lire la suite<\/span><\/a><\/p>\n","protected":false},"author":1,"featured_media":0,"parent":0,"menu_order":0,"comment_status":"closed","ping_status":"closed","template":"","meta":{"_acf_changed":false,"footnotes":""},"class_list":["post-592","page","type-page","status-publish","hentry"],"acf":[],"jetpack_sharing_enabled":true,"_links":{"self":[{"href":"https:\/\/autoecoledorian.fr\/index.php\/wp-json\/wp\/v2\/pages\/592","targetHints":{"allow":["GET"]}}],"collection":[{"href":"https:\/\/autoecoledorian.fr\/index.php\/wp-json\/wp\/v2\/pages"}],"about":[{"href":"https:\/\/autoecoledorian.fr\/index.php\/wp-json\/wp\/v2\/types\/page"}],"author":[{"embeddable":true,"href":"https:\/\/autoecoledorian.fr\/index.php\/wp-json\/wp\/v2\/users\/1"}],"replies":[{"embeddable":true,"href":"https:\/\/autoecoledorian.fr\/index.php\/wp-json\/wp\/v2\/comments?post=592"}],"version-history":[{"count":7,"href":"https:\/\/autoecoledorian.fr\/index.php\/wp-json\/wp\/v2\/pages\/592\/revisions"}],"predecessor-version":[{"id":2942,"href":"https:\/\/autoecoledorian.fr\/index.php\/wp-json\/wp\/v2\/pages\/592\/revisions\/2942"}],"wp:attachment":[{"href":"https:\/\/autoecoledorian.fr\/index.php\/wp-json\/wp\/v2\/media?parent=592"}],"curies":[{"name":"wp","href":"https:\/\/api.w.org\/{rel}","templated":true}]}}