{"id":94,"date":"2017-03-12T19:21:15","date_gmt":"2017-03-12T18:21:15","guid":{"rendered":"http:\/\/autoecoledorian.fr\/?page_id=94"},"modified":"2025-02-13T15:56:33","modified_gmt":"2025-02-13T14:56:33","slug":"formation-remorque-b96","status":"publish","type":"page","link":"https:\/\/autoecoledorian.fr\/index.php\/formation-remorque-b96\/","title":{"rendered":"Formation Remorque B96\/BE"},"content":{"rendered":"\n<div class=\"wp-block-buttons is-content-justification-center is-layout-flex wp-container-core-buttons-is-layout-16018d1d wp-block-buttons-is-layout-flex\">\n<div class=\"wp-block-button\"><a class=\"wp-block-button__link wp-element-button\" href=\"https:\/\/autoecoledorian.fr\/index.php\/calendrier-des-formations\/\" target=\"_blank\" rel=\"noreferrer noopener\">Calendrier des formations B96 ICI<\/a><\/div>\n<\/div>\n\n\n\n<p class=\"has-text-align-center has-x-large-font-size\"><strong>Permis BE<\/strong><\/p>\n\n\n\n<figure class=\"wp-block-image size-large\"><img loading=\"lazy\" decoding=\"async\" width=\"1024\" height=\"768\" src=\"http:\/\/autoecoledorian.fr\/wp-content\/uploads\/2023\/01\/TEsla-BE-1024x768.jpg\" alt=\"\" class=\"wp-image-1349\" srcset=\"https:\/\/autoecoledorian.fr\/wp-content\/uploads\/2023\/01\/TEsla-BE-1024x768.jpg 1024w, https:\/\/autoecoledorian.fr\/wp-content\/uploads\/2023\/01\/TEsla-BE-scaled-600x450.jpg 600w, https:\/\/autoecoledorian.fr\/wp-content\/uploads\/2023\/01\/TEsla-BE-300x225.jpg 300w, https:\/\/autoecoledorian.fr\/wp-content\/uploads\/2023\/01\/TEsla-BE-768x576.jpg 768w, https:\/\/autoecoledorian.fr\/wp-content\/uploads\/2023\/01\/TEsla-BE-1536x1152.jpg 1536w, https:\/\/autoecoledorian.fr\/wp-content\/uploads\/2023\/01\/TEsla-BE-2048x1536.jpg 2048w, https:\/\/autoecoledorian.fr\/wp-content\/uploads\/2023\/01\/TEsla-BE-360x270.jpg 360w\" sizes=\"auto, (max-width: 1024px) 100vw, 1024px\" \/><figcaption class=\"wp-element-caption\">Tesla Model Y Dual Motor AUTO-ECOLE (double-commande) Permis BE<\/figcaption><\/figure>\n\n\n<p>Dans quelles conditions le permis BE est-il n\u00e9cessaire ?<\/p>\n<div class=\"stretch-content\">\n<div class=\"modal-main col-lg-12\">\n<div class=\"ezxmltext-field\">\n<p>Le <strong>permis BE<\/strong> est n\u00e9cessaire seulement si vous remplissez les <strong>2 conditions <\/strong>suivantes :\u00a0<\/p>\n<ul>\n<li>Le PTAC (Poids total autoris\u00e9 en charge) de la remorque est sup\u00e9rieur \u00e0 750 kg et inf\u00e9rieur ou \u00e9gal \u00e0 3,5 tonnes.\u00a0<\/li>\n<li>La somme des PTAC du v\u00e9hicule tracteur et de la remorque est sup\u00e9rieure \u00e0 4,25 tonnes.<\/li>\n<\/ul>\n<p>Vous trouverez ces informations en regardant votre certificat d\u2019immatriculation au niveau de la mention (F2).<\/p>\n<h2>D\u00e9roulement de la formation permis BE<\/h2>\n<h2>1\/ Le code<\/h2>\n<p>(uniquement si votre dernier permis de conduire remonte \u00e0 plus de 5 ans)<\/p>\n<ul>\n<li>Des cours en salle,<\/li>\n<li>Des s\u00e9ances d\u2019entra\u00eenement \u00e0 l\u2019examen avec des tests en salle,<\/li>\n<li>Un acc\u00e8s au PACKWEB pour s\u2019entra\u00eener en ligne.<\/li>\n<\/ul>\n<h2>2\/ La conduite<\/h2>\n<p>La formation pratique int\u00e8gre l\u2019apprentissage de la conduite du v\u00e9hicule et de son chargement, la ma\u00eetrise des man\u0153uvres \u00e9l\u00e9mentaires, l\u2019attelage et le d\u00e9telage, ainsi que diff\u00e9rents modules de s\u00e9curit\u00e9 routi\u00e8re destin\u00e9s \u00e0 renforcer le comportement positif de l\u2019apprenti conducteur.<\/p>\n<h3>Prix<\/h3>\n<p>L&rsquo;auto-\u00e9cole Dorian proposent des <strong>formules<\/strong> avec des <strong>niveaux de services diff\u00e9rents<\/strong> et donc des <strong>prix diff\u00e9rents<\/strong>. <strong>Plusieurs solutions de financement<\/strong> peuvent \u00e9galement vous \u00eatre propos\u00e9es\u00a0 (paiement en plusieurs fois).<\/p>\n<p><strong>Pour conna\u00eetre les tarifs, formules et financements possibles, contactez-nous.<\/strong><\/p>\n<p><em><strong>Nous sommes Organisme de formation \u00ab\u00a0enregistr\u00e9 sous le num\u00e9ro 24450378645. Cet enregistrement ne vaut pas agr\u00e9ment de l&rsquo;Etat\u00a0\u00bb.<\/strong> <\/em><span style=\"color: #ff0000;\"><strong>Financement possible pour les entreprises via les OPCO.<\/strong><\/span><\/p>\n<h2><span style=\"color: #ff0000;\"><strong>Formation finan\u00e7able avec le compte CPF dans un cadre professionnel.<\/strong><\/span><\/h2>\n<p><img loading=\"lazy\" decoding=\"async\" class=\"aligncenter wp-image-1210 size-medium\" src=\"http:\/\/autoecoledorian.fr\/wp-content\/uploads\/2022\/08\/logo-qualiopi_0-300x143.png\" alt=\"\" width=\"300\" height=\"143\" srcset=\"https:\/\/autoecoledorian.fr\/wp-content\/uploads\/2022\/08\/logo-qualiopi_0-300x143.png 300w, https:\/\/autoecoledorian.fr\/wp-content\/uploads\/2022\/08\/logo-qualiopi_0-600x286.png 600w, https:\/\/autoecoledorian.fr\/wp-content\/uploads\/2022\/08\/logo-qualiopi_0-1024x488.png 1024w, https:\/\/autoecoledorian.fr\/wp-content\/uploads\/2022\/08\/logo-qualiopi_0-768x366.png 768w, https:\/\/autoecoledorian.fr\/wp-content\/uploads\/2022\/08\/logo-qualiopi_0-1536x731.png 1536w, https:\/\/autoecoledorian.fr\/wp-content\/uploads\/2022\/08\/logo-qualiopi_0-567x270.png 567w, https:\/\/autoecoledorian.fr\/wp-content\/uploads\/2022\/08\/logo-qualiopi_0.png 1760w\" sizes=\"auto, (max-width: 300px) 100vw, 300px\" \/><\/p>\n<\/div>\n<\/div>\n<\/div>\n<h2>Moyen P\u00e9dagogique :<\/h2>\n<p>V\u00e9hicule : Tesla MODEL Y Dual MOTOR PTAC : 2518kg<\/p>\n<p>Remorque VERENE PTAC : 2500kg<\/p>\n<p>La piste d&rsquo;entrainement se situe \u00e0 Villemandeur (45) \u00e0 5-10 min de l&rsquo;auto-\u00e9cole.<\/p>\n<p>\u00a0<\/p>\n<p>&#8230;&#8230;&#8230;&#8230;&#8230;&#8230;&#8230;&#8230;&#8230;&#8230;&#8230;&#8230;&#8230;&#8230;&#8230;&#8230;&#8230;&#8230;&#8230;&#8230;&#8230;&#8230;&#8230;&#8230;&#8230;&#8230;&#8230;&#8230;&#8230;&#8230;&#8230;&#8230;&#8230;&#8230;&#8230;&#8230;&#8230;&#8230;&#8230;&#8230;&#8230;&#8230;&#8230;&#8230;&#8230;&#8230;&#8230;&#8230;&#8230;&#8230;&#8230;&#8230;&#8230;&#8230;&#8230;&#8230;&#8230;&#8230;&#8230;&#8230;&#8230;&#8230;&#8230;<\/p>\n<h1 style=\"text-align: center;\"><span style=\"color: #ffcc00;\"><strong>Formation Remorque B96 7 heures :<\/strong><\/span><\/h1>\n<p><img loading=\"lazy\" decoding=\"async\" class=\"size-full wp-image-1815 aligncenter\" src=\"http:\/\/autoecoledorian.fr\/wp-content\/uploads\/2023\/11\/b96.jpg\" alt=\"\" width=\"312\" height=\"627\" srcset=\"https:\/\/autoecoledorian.fr\/wp-content\/uploads\/2023\/11\/b96.jpg 312w, https:\/\/autoecoledorian.fr\/wp-content\/uploads\/2023\/11\/b96-149x300.jpg 149w, https:\/\/autoecoledorian.fr\/wp-content\/uploads\/2023\/11\/b96-134x270.jpg 134w\" sizes=\"auto, (max-width: 312px) 100vw, 312px\" \/><\/p>\n<h2 style=\"text-align: center;\"><strong>Le prix est d\u00e9gressif en fonction du nombre de participants<\/strong><\/h2>\n<h2 style=\"text-align: center;\"><span style=\"color: #ff0000;\"><strong>Cette formation finan\u00e7able avec CPF sous certaines conditions.<\/strong><\/span><\/h2>\n<h2 style=\"text-align: center;\"><a href=\"http:\/\/autoecoledorian.fr\/index.php\/nos-horaires\/\">\u00ab\u00a0PI\u00c8CES \u00c0 FOURNIR\u00a0ICI\u00a0\u00bb<\/a><\/h2>\n<h2 style=\"text-align: center;\"><a href=\"http:\/\/autoecoledorian.fr\/index.php\/piste-moto\/\">\u00ab\u00a0PISTE REMORQUE ICI\u00a0\u00bb<\/a><\/h2>\n<p><span style=\"font-size: inherit;\">Le permis B (voiture) suffit pour tracter <\/span><strong style=\"font-size: inherit;\">une remorque jusqu&rsquo;\u00e0 750 kg<\/strong><span style=\"font-size: inherit;\">.<\/span><\/p>\n<div class=\"bloc-simple mod\">\n<div class=\"code_html\">\n<p>Pour les remorques et caravanes de plus de 750 kg, le permis B suffit sous r\u00e9serve que\u00a0la somme des PTAC de <strong>l&rsquo;ensemble <\/strong>(cumul v\u00e9hicule tracteur + remorque) <strong>ne d\u00e9passe pas 3 500 kg<\/strong>.\u00a0Si la somme des PTAC est comprise entre 3 500 kg et 4 250 kg, le conducteur doit suivre\u00a0<strong>une formation de 7 heures\u00a0: la formation remorque B96<\/strong>.<\/p>\n<p><strong>Si la somme des PTAC d\u00e9passe les 4 250 kg, vous devrez passer le permis BE.<\/strong><\/p>\n<p><img decoding=\"async\" src=\"http:\/\/public.codesrousseau.fr\/media\/permisremorque_poids__097856400_1656_26042016.jpg\" alt=\"Somme des PTAC\" \/><\/p>\n<\/div>\n<\/div>\n<h2>LA FORMATION DE 7 HEURES &#8211; REMORQUE B96<\/h2>\n<div class=\"bloc-simple mod\">\n<div class=\"code_html\">\n<p>Pour suivre la formation remorque B96, vous devez \u00eatre \u00e2g\u00e9 de 18 ans minimum et titulaire du permis B.<\/p>\n<p>Elle comprend une s\u00e9quence hors circulation (HC) et une s\u00e9quence en circulation (CIR). La s\u00e9quence hors circulation (4 heures) alterne th\u00e9orie et pratique dans le but d&rsquo;acqu\u00e9rir les savoirs sp\u00e9cifiques \u00e0 ce type d&rsquo;ensemble. La s\u00e9quence en circulation (3 heures) permet de travailler sur l&rsquo;adaptation des comportements de conduite.<\/p>\n<p>Il n&rsquo;y a pas d&rsquo;examen \u00e0 passer, vous recevez une attestation de suivi de formation pratique dont un exemplaire est envoy\u00e9 \u00e0 la pr\u00e9fecture de votre lieu de r\u00e9sidence. Attention, pour conduire ce type d&rsquo;ensemble, il vous attendre que la demande de production de permis (avec mention 96) soit accept\u00e9e par l&rsquo;ANTS et que vous ayez re\u00e7u le nouveau titre chez vous.<\/p>\n<\/div>\n<\/div>\n<h2>Moyen P\u00e9dagogique :<\/h2>\n<p>V\u00e9hicule : Ford Puma Boite manuelle PTAC : 1720 kg<\/p>\n<p>Remorque Eduard PTAC : 2300kg<\/p>\n<p>La piste d&rsquo;entrainement se situe \u00e0 Villemandeur (45) \u00e0 5-10 min de l&rsquo;auto-\u00e9cole.<\/p>\n<h1 style=\"text-align: center;\"><img loading=\"lazy\" decoding=\"async\" class=\"aligncenter wp-image-1210 size-medium\" style=\"font-size: revert; color: initial;\" src=\"http:\/\/autoecoledorian.fr\/wp-content\/uploads\/2022\/08\/logo-qualiopi_0-300x143.png\" alt=\"\" width=\"300\" height=\"143\" srcset=\"https:\/\/autoecoledorian.fr\/wp-content\/uploads\/2022\/08\/logo-qualiopi_0-300x143.png 300w, https:\/\/autoecoledorian.fr\/wp-content\/uploads\/2022\/08\/logo-qualiopi_0-600x286.png 600w, https:\/\/autoecoledorian.fr\/wp-content\/uploads\/2022\/08\/logo-qualiopi_0-1024x488.png 1024w, https:\/\/autoecoledorian.fr\/wp-content\/uploads\/2022\/08\/logo-qualiopi_0-768x366.png 768w, https:\/\/autoecoledorian.fr\/wp-content\/uploads\/2022\/08\/logo-qualiopi_0-1536x731.png 1536w, https:\/\/autoecoledorian.fr\/wp-content\/uploads\/2022\/08\/logo-qualiopi_0-567x270.png 567w, https:\/\/autoecoledorian.fr\/wp-content\/uploads\/2022\/08\/logo-qualiopi_0.png 1760w\" sizes=\"auto, (max-width: 300px) 100vw, 300px\" \/><\/h1>\n<p><img loading=\"lazy\" decoding=\"async\" class=\"aligncenter size-full wp-image-635\" src=\"http:\/\/autoecoledorian.fr\/wp-content\/uploads\/2019\/02\/Programme-de-formation-BE.jpg\" alt=\"\" width=\"1000\" height=\"705\" srcset=\"https:\/\/autoecoledorian.fr\/wp-content\/uploads\/2019\/02\/Programme-de-formation-BE.jpg 1000w, https:\/\/autoecoledorian.fr\/wp-content\/uploads\/2019\/02\/Programme-de-formation-BE-600x423.jpg 600w, https:\/\/autoecoledorian.fr\/wp-content\/uploads\/2019\/02\/Programme-de-formation-BE-300x212.jpg 300w, https:\/\/autoecoledorian.fr\/wp-content\/uploads\/2019\/02\/Programme-de-formation-BE-768x541.jpg 768w, https:\/\/autoecoledorian.fr\/wp-content\/uploads\/2019\/02\/Programme-de-formation-BE-383x270.jpg 383w\" sizes=\"auto, (max-width: 1000px) 100vw, 1000px\" \/><\/p>\n\n\n<div data-wp-interactive=\"core\/file\" class=\"wp-block-file\"><object data-wp-bind--hidden=\"!state.hasPdfPreview\" hidden class=\"wp-block-file__embed\" data=\"https:\/\/autoecoledorian.fr\/wp-content\/uploads\/2024\/07\/BE4DP00_NOTICE_enjeux-BE-web-1.pdf\" type=\"application\/pdf\" style=\"width:100%;height:600px\" aria-label=\"Contenu embarqu\u00e9 BE4DP00_NOTICE_enjeux-BE-web-1.\"><\/object><a id=\"wp-block-file--media-1b3355e3-e1f4-4d2d-9d89-48244200b9c6\" href=\"https:\/\/autoecoledorian.fr\/wp-content\/uploads\/2024\/07\/BE4DP00_NOTICE_enjeux-BE-web-1.pdf\">BE4DP00_NOTICE_enjeux-BE-web-1<\/a><a href=\"https:\/\/autoecoledorian.fr\/wp-content\/uploads\/2024\/07\/BE4DP00_NOTICE_enjeux-BE-web-1.pdf\" class=\"wp-block-file__button wp-element-button\" download aria-describedby=\"wp-block-file--media-1b3355e3-e1f4-4d2d-9d89-48244200b9c6\">T\u00e9l\u00e9charger<\/a><\/div>\n\n\n\n<div data-wp-interactive=\"core\/file\" class=\"wp-block-file\"><object data-wp-bind--hidden=\"!state.hasPdfPreview\" hidden class=\"wp-block-file__embed\" data=\"https:\/\/autoecoledorian.fr\/wp-content\/uploads\/2024\/07\/PROGRAMME-BE.pdf\" type=\"application\/pdf\" style=\"width:100%;height:600px\" aria-label=\"Contenu embarqu\u00e9 PROGRAMME-BE.\"><\/object><a id=\"wp-block-file--media-5b19cc3b-4a40-4254-acad-a721f4991383\" href=\"https:\/\/autoecoledorian.fr\/wp-content\/uploads\/2024\/07\/PROGRAMME-BE.pdf\">PROGRAMME-BE<\/a><a href=\"https:\/\/autoecoledorian.fr\/wp-content\/uploads\/2024\/07\/PROGRAMME-BE.pdf\" class=\"wp-block-file__button wp-element-button\" download aria-describedby=\"wp-block-file--media-5b19cc3b-4a40-4254-acad-a721f4991383\">T\u00e9l\u00e9charger<\/a><\/div>\n\n\n\n<div data-wp-interactive=\"core\/file\" class=\"wp-block-file\"><object data-wp-bind--hidden=\"!state.hasPdfPreview\" hidden class=\"wp-block-file__embed\" data=\"https:\/\/autoecoledorian.fr\/wp-content\/uploads\/2024\/07\/PROGRAMME-B96.pdf\" type=\"application\/pdf\" style=\"width:100%;height:600px\" aria-label=\"Contenu embarqu\u00e9 PROGRAMME-B96.\"><\/object><a id=\"wp-block-file--media-cce8291b-89c7-4d88-934d-7b166e418a8f\" href=\"https:\/\/autoecoledorian.fr\/wp-content\/uploads\/2024\/07\/PROGRAMME-B96.pdf\">PROGRAMME-B96<\/a><a href=\"https:\/\/autoecoledorian.fr\/wp-content\/uploads\/2024\/07\/PROGRAMME-B96.pdf\" class=\"wp-block-file__button wp-element-button\" download aria-describedby=\"wp-block-file--media-cce8291b-89c7-4d88-934d-7b166e418a8f\">T\u00e9l\u00e9charger<\/a><\/div>\n","protected":false},"excerpt":{"rendered":"<p>Permis BE Dans quelles conditions le permis BE est-il n\u00e9cessaire ? Le permis BE est n\u00e9cessaire seulement si vous remplissez les 2 conditions suivantes :\u00a0 Le PTAC (Poids total autoris\u00e9 en charge) de la remorque est sup\u00e9rieur \u00e0 750 kg et inf\u00e9rieur ou \u00e9gal \u00e0 3,5 tonnes.\u00a0 La somme des PTAC du v\u00e9hicule tracteur et de la remorque est sup\u00e9rieure \u00e0 4,25 tonnes. Vous trouverez ces informations en regardant votre certificat d\u2019immatriculation au niveau de la mention (F2). D\u00e9roulement de&#8230;<\/p>\n<p class=\"read-more\"><a class=\"btn btn-default\" href=\"https:\/\/autoecoledorian.fr\/index.php\/formation-remorque-b96\/\">Lire la suite<span class=\"screen-reader-text\"> Lire la suite<\/span><\/a><\/p>\n","protected":false},"author":1,"featured_media":0,"parent":0,"menu_order":0,"comment_status":"closed","ping_status":"closed","template":"","meta":{"_acf_changed":false,"footnotes":""},"class_list":["post-94","page","type-page","status-publish","hentry"],"acf":[],"jetpack_sharing_enabled":true,"_links":{"self":[{"href":"https:\/\/autoecoledorian.fr\/index.php\/wp-json\/wp\/v2\/pages\/94","targetHints":{"allow":["GET"]}}],"collection":[{"href":"https:\/\/autoecoledorian.fr\/index.php\/wp-json\/wp\/v2\/pages"}],"about":[{"href":"https:\/\/autoecoledorian.fr\/index.php\/wp-json\/wp\/v2\/types\/page"}],"author":[{"embeddable":true,"href":"https:\/\/autoecoledorian.fr\/index.php\/wp-json\/wp\/v2\/users\/1"}],"replies":[{"embeddable":true,"href":"https:\/\/autoecoledorian.fr\/index.php\/wp-json\/wp\/v2\/comments?post=94"}],"version-history":[{"count":30,"href":"https:\/\/autoecoledorian.fr\/index.php\/wp-json\/wp\/v2\/pages\/94\/revisions"}],"predecessor-version":[{"id":2535,"href":"https:\/\/autoecoledorian.fr\/index.php\/wp-json\/wp\/v2\/pages\/94\/revisions\/2535"}],"wp:attachment":[{"href":"https:\/\/autoecoledorian.fr\/index.php\/wp-json\/wp\/v2\/media?parent=94"}],"curies":[{"name":"wp","href":"https:\/\/api.w.org\/{rel}","templated":true}]}}